 second derivative of h**4/12 + h**3/3 + h**2/2 + 2*h. Let f(n) = -3*n**2 - 74*n + 103. Let t be f(-26). Determine z(t).
0
Let g(z) = 4*z + 2. Let q = 17 + -67. Suppose 318 = 11*y - 276. Let h = y + q. Determine g(h).
18
Let q(j) = -2*j**2 + 20*j - 22. Let f = 1750 - 1741. What is q(f)?
-4
Let b(r) = 14*r**2 - 11*r + 2. Let o be b(3). Let g = o + -30. Let q = g + -68. Let p(a) = -2*a**2 - 3*a + 4. Give p(q).
-5
Let q(o) = -o - 8. Let d be q(-11). Let i(x) = 41*x - 10. Let a(u) = 53*u - 13. Let f(g) = -3*a(g) + 4*i(g). Determine f(d).
14
Let s(f) be the second derivative of -7*f**4/4 - f**3/2 - 3*f**2/2 - 825*f + 1. Give s(-1).
-21
Let t = -4673 - -4676. Let b(d) = d + 6. What is b(t)?
9
Let w(h) = 3*h - 5. Let c = -15 + 31. Let v(m) be the first derivative of 5*m**2 - 16*m - 12. Let j(k) = c*w(k) - 5*v(k). Calculate j(6).
-12
Let n(b) = -3*b + 7. Let s(k) = -k + 2. Let a(q) = 2*n(q) - 7*s(q). Let o(y) = 4*y + 16. Let f be o(2). Suppose -11*v + f = 57. Calculate a(v).
-3
Let p(b) be the second derivative of 1/6*b**3 + 0 - 4*b**2 + 2*b. Let a be (-2)/(-15) + (-156)/195 + (-232)/(-24). Determine p(a).
1
Let b be (2/2 - 0)*-1. Let x(k) be the third derivative of 5/6*k**4 - 89*k**2 - 1/6*k**3 + 0 + 2*k. Give x(b).
-21
Let z = 92 - 59. Let a be ((-55)/z)/((-2)/(-6)). Let b(s) be the first derivative of -s**3/3 - 3*s**2/2 - 2*s + 4. Give b(a).
-12
Let b(v) be the second derivative of v**4/12 + 5*v**3/3 - 4*v**2 - 91*v - 83. Let c(a) = -11*a**2 + a + 1. Let z be c(-1). Determine b(z).
3
Let h(u) = u**2 + 12*u + 1. Let r be ((-564)/235)/((-6)/10). Suppose 0 = r*o - 54*o - 350. Give h(o).
-34
Let s(v) = 14*v**2 - v - 1. Let n(k) = -k**3 - 3*k**2 - 4*k + 1. Let h be n(-3). Suppose -13*m = -26*m - h. Give s(m).
14
Let x(j) be the second derivative of 1/12*j**4 + 7/6*j**3 + 209*j + 0*j**2 + 0. What is x(-5)?
-10
Let b(y) = y**2 - 3*y - 2. Suppose -5*s - 2 = 2*f - 39, -s = 3. Suppose -f = 9*j - 62. Determine b(j).
2
Suppose 0 = 17*w + 4*w - 714. Suppose 0 = w*z - 182 - 192. Let q(g) = g**3 - 12*g**2 + 12*g - 20. Give q(z).
-9
Let b(j) be the second derivative of -j**5/20 + 19*j**4/6 + 38*j**3/3 + 167*j**2/2 - 1789*j + 3. What is b(40)?
7
Suppose -2*z = -z + 2. Let l(v) be the third derivative of -v**4/8 - 33*v**2 + 5*v + 18. Calculate l(z).
6
Let g = -1 + 8. Let t(k) = 5*k**2 - 3*k - 20. Suppose -4*i - w - 13 = 0, 6*i - w + 8 = 3*i. Let o(q) = 2*q**2 - 2*q - 7. Let d(f) = i*t(f) + 8*o(f). Give d(g).
4
Let y(o) = -738*o - 11796. Let p be y(-16). Let n(v) = v**2 - 19*v - 3. Give n(p).
-87
Let k(i) = i**2 - 4*i - 16. Let v(r) = -r**3 + 4*r**2 + 16*r - 8. Let o be v(-3). What is k(o)?
5
Let h(o) = o - 7. Suppose 0 = 277*k - 289*k + 48. What is h(k)?
-3
Let c(l) = 2*l**2 + 19*l - 8. Let i(x) = -649*x - 659. Let k be i(-1). Give c(k).
2
Let o(v) = 20 - 720*v - 701*v + 1423*v. Determine o(-9).
2
Let a(p) be the third derivative of -p**6/24 + p**5/20 - p**4/12 - p**3/6 + 5*p**2 - 280*p. Give a(1).
-5
Let d(f) = 2*f + 10*f + 20*f - 5 + 8*f - 18*f. Let b(s) = -s**2 + 5*s - 5. Let p be b(5). Let w(m) = 15*m - 3. Let c(r) = p*d(r) + 7*w(r). Determine c(5).
-21
Let b = 39 + -38. Let c(k) be the third derivative of -4*k**5/15 - k**4/12 + k**3/6 - 48*k**2 + 3*k. Calculate c(b).
-17
Let o(p) = -2*p + 89. Let f be o(27). Let z(r) = -28*r - r**2 - 9 - f*r + 69*r. Give z(5).
-4
Let t(c) = 22*c**3 - 27*c**2 + 12*c - 59. Let q(w) = -17*w**3 + 20*w**2 - 9*w + 44. Let g(a) = -9*q(a) - 7*t(a). Calculate g(7).
94
Suppose -16 = -z - 2*n, 2*n + n - 52 = -5*z. Let s(g) = -4*g + 4. Let f(d) = 2*d - 2. Let i be 6/16 + 152/(-64). Let q(j) = i*s(j) - 5*f(j). Give q(z).
-14
Let t(k) = -k**2 + 5*k + 5. Let n = -1 - -6. Let h be 1 - (n/7 + (-2)/(-7)). Suppose 5*q - 18 - 17 = h. What is t(q)?
-9
Let i(p) = 1 + 13*p**2 - 26*p - 12*p**2 + 20*p. Suppose -5*m = -10*m + 125. Suppose -4*j - j = -m. Determine i(j).
-4
Let c(j) = 2*j**2 - 67*j + 106. Let d be c(32). Let h(w) = d - 63*w - 10 + 63*w - 2*w**2. Determine h(1).
-2
Let t = 185 + -167. Let d(a) = t*a**2 - a**3 - 14 - 12*a + 30*a**2 - 60*a**2. Calculate d(-11).
-3
Let q(m) be the third derivative of m**6/120 - m**5/6 + m**4/24 - 19*m**3/6 + 50*m**2 + 3*m - 4. Give q(10).
-9
Let d(m) = 665*m - 672*m - 13*m**2 + 15*m**2 - 3*m**2. Give d(-6).
6
Let z(v) = 16*v - 50. Let f be z(33). Let k = -477 + f. Let n(w) = 2*w - 1. What is n(k)?
1
Suppose -a - 3*a - 614 = -2*i, i - 312 = a. Suppose -88 = -5*b + i. Let j(z) = 3*z + z**2 - 83 - b + 168. Determine j(-3).
4
Let n(i) = -i. Let f(p) = -p**2 + 2*p + 17. Let u be f(5). Let j be ((-2)/8)/(u/(-12))*4. Suppose -g + 2 = -q, 6*g - j = 3*g. Determine n(q).
0
Let f(r) = -r**2 - 3*r - 1. Let s = 11 - 6. Let i be (((-160)/s)/4)/(-1). Suppose -i*k - 3 = -7*k. What is f(k)?
-1
Let a(n) = n + 1. Suppose 0 = -5*z - 2*l - 269, -128 = 2*z + 3*l - 16. Suppose 0 = 11*p - 901 + 241. Let m = p + z. Calculate a(m).
8
Let z = 8165 + -8156. Let k(j) = -3*j**2 + 20*j + 13. Give k(z).
-50
Let y(f) = -3*f + 4. Let c(x) = 3*x - 5. Let i(g) = -2*c(g) - 3*y(g). Suppose -48 = -3*d + 4*q, -20*d + 5*q + 41 = -21*d. What is i(d)?
10
Let v = 187 - 170. Suppose -2*k - 9 - 7 = -4*i, i + v = -3*k. Let g(t) = t**2 + 3*t + 9. Determine g(k).
27
Let x(s) = s**2 - 13*s - 5. Let h(q) = q**2 - 12*q - 5. Let b(g) = -3*h(g) + 2*x(g). Let t = 96 + -68. Suppose -12 - t = -4*m. What is b(m)?
5
Suppose -6 - 2 = 4*x + 4*w, -x = -w - 8. Suppose p = x*v + 32, -28 = 2*v - 2*p - 0*p. Let k(f) = -2*f - 11. Calculate k(v).
7
Suppose 61*r + 174 = -70. Let d(y) = -15*y - 18. Give d(r).
42
Let n(t) = t**2 - 13*t + 3. Let m be (-146)/(-14) - ((-46)/7 - (250 + -256)). Give n(m).
-19
Suppose -3*l + 625 = -w, 0*l + w = -3*l + 623. Let m = 210 - l. Let x(r) = -r**2 - r + 1. Calculate x(m).
-5
Let r(v) = -25*v + 97. Let u(a) = -29*a + 1. Let d(g) = -r(g) + u(g). Determine d(-28).
16
Let q(v) = v**2 + 13*v + 15. Suppose -x - 5 = 0, 109*j - 104*j = -5*x - 55. What is q(j)?
-27
Let k(w) = 47*w + 547. Let b(r) = -16*r - 203. Let g(m) = -8*b(m) - 3*k(m). Determine g(-3).
22
Let f(h) = -4*h**2 + 55*h + 24. Let x be f(0). Let m(o) = 2*o**3 - 45*o**2 - 70*o - 54. Calculate m(x).
-6
Let t(l) = 6*l - 10. Let n be (3 - 4)*(-17 - -17). Calculate t(n).
-10
Let o be ((-18)/9 - -3)*(-1 - -2). Let z = o - -2. Let p(f) = 6 - 1 - f**2 - 2 - 2*f. Give p(z).
-12
Let g(y) = -y**3 - 16*y**2 - 17*y - 8. Let z(j) = 53*j + 53. Let a be z(14). Suppose 9*r = 62*r + a. What is g(r)?
22
Let o(p) be the second derivative of -p**4/6 - 2*p**3 - 17*p**2/2 + 4572*p. Give o(-6).
-17
Let g(s) = -4*s**2 + 2*s - 6*s + 3*s**2 + 5 + 1. Let d(p) = -2*p - 28. Let a be d(-12). Let c(n) = n**3 + 4*n**2 - n - 9. Let o be c(a). Give g(o).
1
Let w(v) = -8*v**2 + 23*v - 41. Let c(t) = -t**3 - 24*t**2 - 47*t - 64. Let s be c(-22). Determine w(s).
-27
Let u = 247 + -98. Suppose 7*h - 32 = 3*h. Let d(l) = -u*l + 295*l - 147*l - h. Calculate d(-11).
3
Let u(y) be the first derivative of y**3 + 3*y**2/2 - 2*y + 2148. What is u(-2)?
4
Let x(r) = -1 + 86*r + r**2 + 2 + 0*r**2 - 78*r. Let k be (292/(-24) - -4) + (-1)/(-6). Give x(k).
1
Let q(a) be the third derivative of -a**5/30 + 3*a**4/8 + 5*a**3/3 + 75*a**2. Let j(w) = w**2 - 6*w - 5. Let c(i) = -5*j(i) - 3*q(i). Determine c(2).
5
Let z(a) be the first derivative of -a**3/3 + 7*a**2 - 12*a + 193. Suppose 0*h - 21 = -2*h - v, 0 = -2*h + 2*v + 36. What is z(h)?
1
Suppose -19*m = -64*m + 45. Let z(c) be the second derivative of c**4/2 - c**3/6 - c. Determine z(m).
5
Let m(j) = -j + 1. Let o(q) = 2*q + 70. Let h be o(-8). Suppose -174 = 20*v - h. Give m(v).
7
Let m = -884 + 877. Let k(z) = -9*z**2 + 12*z + 6. Let d(l) = -5*l**2 + 6*l + 3. Let j(h) = -11*d(h) + 6*k(h). Calculate j(m).
10
Let i(r) = 5*r - 9. Let l(f) = -2*f + 5. Let d(a) = -4*i(a) - 7*l(a). Suppose -8 = 13*p - 15*p. Let k(q) = q - 5. Let u be k(p). Calculate d(u).
7
Let d(v) = -529*v**2 + 8 + 1055*v**2 - 2*v - 525*v**2. Let o(w) = 2*w**2 - w + 7. Let q(i) = 5*d(i) - 6*o(i). Calculate q(-2).
-22
Let r be (-1)/4 - (-46)/(-8). Let u(p) = -4*p**2 - 71*p**3 - 80*p**3 + 8*p**2 + 3*p + 2*p**2 + 152*p**3 + 9. What is u(r)?
-9
Let g(a) = a**2 + 3*a - 19. Suppose 5*h - 15 + 70 = 5*r, 0 = -5*h - 3*r - 15. Give g(h).
-1
Let v = -2257 - -2264. Let a(d) be the second derivative of d**5/60 - d**4/4 - d**3/2 + 3